+ 4. Let l be s(-13). Suppose -3*k = -2*h + 1690, 17*h - 3*k = 12*h + l. What is the units digit of h?
2
Suppose 5*c - 219810 = -35350. What is the ten thousands digit of c?
3
Let p(r) be the second derivative of 0 - 1/6*r**4 + 4*r**2 + 23*r + 25/6*r**3 - 1/20*r**5. What is the units digit of p(-6)?
2
Suppose v - 3*i + 2 = 0, 3*v + 2*v - 8 = -3*i. What is the tens digit of 10/(2 + 119/(-40) + v)?
0
Suppose -5*m = -4*k - 7751, -m + 123*k + 1543 = 124*k. What is the tens digit of m?
4
What is the units digit of (-3)/(-5)*(-12 + -237261*(-11)/33)?
5
Suppose 5*z + 1067 - 347 = 0. Let c = z - -187. What is the tens digit of c?
4
Let y = 32438 - 22097. What is the ten thousands digit of y?
1
Let m = -97 - -163. Let o(n) = n**2 - 8*n + 17. Let y be o(4). Suppose -m + y = -w. What is the tens digit of w?
6
Suppose -165*p + 3371550 = -15*p. What is the units digit of p?
7
Let g be (((-1)/2)/((-8)/224))/(-1). Let l be (0 + (-1)/3)*84/g. What is the units digit of (-451)/11*l*-1?
2
Let y(d) = -11*d**2 + d**3 + 34*d + 28*d**2 - 24 + 6*d**2 - 5 - 42. What is the hundreds digit of y(-20)?
4
Let b(z) be the third derivative of 1/3*z**4 + 4/3*z**3 + 0 + 0*z - 17*z**2. What is the tens digit of b(7)?
6
Suppose -20*w - 53*w + 448407 = -703825. What is the thousands digit of w?
5
What is the units digit of (-14 + 9)/(5 + 45072/(-9014))?
5
Let h(a) = 6 + 3*a - 2*a + 5. Let u be h(-6). What is the units digit of (-3)/(3 + 12) + 371/u?
4
Let k(w) = w**3 + 3*w**2 - 5*w - 4. Let r be k(-4). Let a(q) = r*q + 10 + q - 5 + 19*q**2 + 4*q. What is the tens digit of a(-2)?
7
Suppose 9 - 5 = 2*a. Suppose -308 = -a*i + 338. Suppose u = 2*f + 189, -3*u - f + i = -244. What is the tens digit of u?
8
Let m be 6/(1/3 - 8/16). Suppose -2*a = -5*t + 2*a - 3072, 2*t + 1230 = a. What is the hundreds digit of t/(-5) - m/45?
1
Let t(d) = 73*d**3 - 3*d + 2. Let g be t(1). Suppose g - 12 = 4*f. Suppose 0 = -5*c - f, 3*m - 97 = m + 5*c. What is the units digit of m?
1
Suppose -4*t + 40 + 354 = -3*y, 3*y = -2*t + 188. Suppose 732*q + 663 = 735*q. Let d = q - t. What is the hundreds digit of d?
1
Let x(o) = -84*o + 618 - 649 - 22*o - 6*o. What is the hundreds digit of x(-3)?
3
Let l be (14 - 12) + 0/4. Suppose 0 = 6*r - 3*r - z - 1537, -4*r = -l*z - 2046. What is the hundreds digit of r?
5
What is the units digit of (-65 + -1)/(26 + 38430/(-1476))?
4
What is the tens digit of ((-4334)/(-55))/((-8)/(-200))?
7
Suppose 0 = 49*q - 150354 - 232385. What is the tens digit of q?
1
Let o(z) = -114*z + 401. What is the tens digit of o(-74)?
3
Let r = 10694 + -2780. What is the tens digit of r?
1
Suppose 165 = 5*h + 5*w, 2*h - w - 60 = -0. Let c = 37 - h. What is the units digit of (c/4)/(78/6760)?
0
Let p(l) = 1772*l**2 + 31*l + 64. What is the units digit of p(-2)?
0
Let m(f) = f**2 - 7*f - 1. Let k be m(9). Let c(g) = -13*g - 9. Let z(s) = 37*s + 26. Let r(d) = k*c(d) + 6*z(d). What is the units digit of r(2)?
5
Let k = 1751 - 189. Let l = k + -914. What is the tens digit of l?
4
Let j be (-15 - -24)*1/(-3). Let m be 190 - ((-1)/(2 - 1) - j). Suppose -34*i + 32*i = -m. What is the tens digit of i?
9
What is the tens digit of (74971/(-52) + -5)/(3/(-4))?
2
Suppose 5*b - m - 22254 = 34616, 4*b + 2*m = 45510. What is the ten thousands digit of b?
1
Let s be 6/24*1/(-3)*0. Suppose s = -142*k + 146*k - 6416. What is the tens digit of k?
0
Let n = -64 + 45. Let w(h) be the first derivative of -3*h**2/2 + 6*h - 714. What is the tens digit of w(n)?
6
Suppose 10 = g + g. Let t be (-7414)/66*5/(15/(-9)). Suppose -3*k - k + 5*o = -t, g*k - 425 = 5*o. What is the tens digit of k?
8
Suppose 0 = -32*a + 131979 + 105013. What is the thousands digit of a?
7
Let z(b) = 110*b + 1635. What is the hundreds digit of z(-12)?
3
Suppose -24876 = -3*f + 4*d + 28007, 2*d = -2*f + 35232. What is the ten thousands digit of f?
1
Let i(m) = -2*m**3 - 6*m**2 + 3*m - 2. Let r be i(-4). Suppose -4*z + 94 = p - r, p + 33 = z. What is the units digit of z?
9
Let w = -11055 - -19220. Suppose -6532 = -4*h - s, 3*h - w = -2*h + 5*s. What is the hundreds digit of h?
6
Let y(i) be the third derivative of i**4/2 - 7*i**3/6 - 20*i**2. Let f(g) = g**3 - 8*g**2 + g - 5. Let b be f(8). What is the tens digit of y(b)?
2
Suppose 30*k - 28*k = -u + 5645, -5*u + 28160 = -3*k. What is the tens digit of u?
3
Suppose -244*f + 15074775 = 127*f + 250*f. What is the thousands digit of f?
4
Suppose -137 = 3*x - 2*s + 2522, 2*s = 4*x + 3548. Let l = -496 - x. What is the hundreds digit of l?
3
What is the hundreds digit of 15499 - (8 + 21*(-10)/30)?
4
Suppose -544887 = -45*c + 281063 + 337525. What is the units digit of c?
5
Let l = -498 + 33852. What is the thousands digit of l?
3
What is the units digit of 3433/((-24)/(-30) + (-1)/(-5))?
3
Let a(o) = 2*o + 32. Let x be a(-12). Let h(k) = k**3 - 14*k**2 + 6*k + 24. Let z be h(x). What is the units digit of (z/(-28) + 1/(-7))*13?
3
Let u(w) = 3*w**3 + 178*w**2 - 103*w + 79. Let t be u(-60). Suppose l + 2664 = -3*l. Let q = l - t. What is the hundreds digit of q?
2
Let d(a) be the second derivative of -a**3/6 + 9*a**2/2 + 13*a. Let s be d(6). Let l(q) = 10*q**2 - q + 2. What is the units digit of l(s)?
9
Let j be 3/(-9)*2*(188 + -14). Let b = j + 152. What is the tens digit of b?
3
What is the units digit of ((-219831)/5)/(-3) - 1 - 26/65?
4
Let f(b) = -22 + 74*b + 0 + 4 - 67*b. Suppose -63 = -2*s - 5. What is the hundreds digit of f(s)?
1
Let a(z) = -3*z + 1. Let o be a(-1). Let r(d) = 28*d**2 + 11*d - 36. What is the tens digit of r(o)?
5
Let s(t) = 24*t**2 + 5*t + 6. Let m be s(5). Let f be (-24)/(-18) + 4154/3. Suppose -5*z + m = 3*i - 751, -i - f = -5*z. What is the hundreds digit of z?
2
Let a(x) = -x**3 + 23410. What is the tens digit of a(0)?
1
Let d(u) be the third derivative of 19*u**4/12 - 8*u**3/3 + 173*u**2. What is the tens digit of d(3)?
9
Let d(g) = -26*g + 41. Let a be d(16). Let p = a - -682. Suppose 0 = 5*n - f - p, 5*f - 75 - 98 = -3*n. What is the units digit of n?
1
Let i(v) = 110*v + 85. Let t be i(17). Suppose -y + 6*y = t. What is the units digit of y?
1
Let i = -19777 + 28920. What is the tens digit of i?
4
Let o(x) = -2*x**3 - 6*x**2 - 2*x + 82. What is the tens digit of o(-11)?
4
Suppose 5*l = -4*c + 800, -5*c + 4*c = 0. Let x = l - 95. Let q = x - 40. What is the tens digit of q?
2
Suppose -6*r + 33 = -45. Suppose 408 = r*n - n. What is the units digit of n?
4
Suppose -158*j = -141*j - 214013. What is the thousands digit of j?
2
Let r = 0 - -12. Suppose b + 12485 = r*b. What is the thousands digit of b?
1
Suppose 2*q = 3*m - 3149, m = 3*q + 941 + 118. Let y = m + -568. What is the tens digit of y?
7
Let v be ((-59)/(0 - 1))/(-1). Let g = v + 66. Suppose 246 = -4*j + g*j. What is the tens digit of j?
8
Let t(d) = d**3 - 8*d**2 - 17*d + 87. What is the tens digit of t(9)?
1
Suppose -3*o - 5*o - 296 = 0. Let m = o + 55. What is the tens digit of (((-112)/(-12) - 3) + -3)*m?
6
Suppose -j + 5*a + 1789 = -7210, 2*a - 8 = 0. What is the hundreds digit of j?
0
Let i be (-36)/(-14)*1344/36. Suppose -t + 241 = -2*k, -i + 337 = t + 3*k. Let r = t + -146. What is the tens digit of r?
9
Let j(i) = 892*i**2 - 14*i + 15. Let k be j(1). Suppose 3*b - k = 460. What is the tens digit of b?
5
Suppose t = -3*h + 144, -3*h - 3*t + 60 + 84 = 0. Let n = -37 + h. Suppose -15*x + 72 = -n*x. What is the units digit of x?
8
Let n = 2 - -40. Let o be (14 + 1)/(n/70). What is the tens digit of (o/(-20))/((-1)/76)?
9
What is the tens digit of 54/(-3) + 45035 + 0?
1
Let i be ((-23)/46)/(2/8). Let b(q) = -34*q**3 - q**2 - 2*q. What is the units digit of b(i)?
2
Let l(k) = 10790*k - 4727. What is the ten thousands digit of l(5)?
4
Suppose -5*z + 4*p + 6103 = -9260, z - 3109 = 6*p. What is the tens digit of z?
6
Let g be (2/7)/(4/56). Suppose j = -3*u - 1, -4 = 6*u - g*u - j. What is the tens digit of u*160*20/(-16)?
0
Suppose 3*a - 29*a + 1030968 = 46*a. What is the ten thousands digit of a?
1
Let z = -1 + 3. Suppose 0 = -z*q + 4*q + 1512. What is the units digit of q/(-8) - 2/4?
4
Let m(s) = 35*s**2 - 2*s - 3. Suppose x + 0*g = -2*g + 67, -5*x - 4*g = -359. Let d = -77 + x. What is the units digit of m(d)?
1
Suppose 41*o - 37*o = 24. Suppose -o*l - 4 = -22. What is the units digit of 1*(-4)/(-6)*l?
2
